0?
222210002
In base 9, what is 3066 - -2723?
5800
In base 2, what is -10000111100101011000 - 10000?
-10000111100101101000
In base 12, what is -2a6a222 - -2a?
-2a6a1b4
In base 2, what is -1011011001000 - 1010110000111?
-10110001001111
In base 2, what is -10111101011000 - 111?
-10111101011111
In base 15, what is 2ea + 7cea9?
7d2a4
In base 10, what is 27 + -4517244?
-4517217
In base 13, what is -cba0cc - 2b?
-cba12a
In base 13, what is -5b8 + -6749?
-7034
In base 16, what is 26b - -4373?
45de
In base 16, what is -e6 - -9c39?
9b53
In base 3, what is 1202 + -11022012020?
-11022010111
In base 4, what is 20122 - 102110011?
-102023223
In base 3, what is -220220221202 - -100210?
-220220120222
In base 5, what is -10 + 2141342124?
2141342114
In base 6, what is 502445 + 22533?
525422
In base 16, what is -259 - 1ac1?
-1d1a
In base 11, what is -a + 5738761?
5738752
In base 7, what is -251 + 11605162?
11604611
In base 4, what is 331012201 + -13232?
330332303
In base 10, what is 2 + 517700?
517702
In base 2, what is 1000 + 100011110011000001000001111?
100011110011000001000010111
In base 4, what is 302231111 + -30?
302231021
In base 9, what is -58312 + 502?
-57710
In base 14, what is 239 + b8ca?
bb25
In base 13, what is -1512 - -2941?
142c
In base 8, what is 1 + 10054343?
10054344
In base 3, what is -10 - 1020210112012?
-1020210112022
In base 5, what is 1344022 - -22002?
1421024
In base 4, what is -110121 + 133212312?
133102131
In base 8, what is -5 + -102362175?
-102362202
In base 2, what is 1110 + 1111010001000111?
1111010001010101
In base 15, what is 2c - -178ddb?
178e18
In base 2, what is 110 - -11011100001111001101110010?
11011100001111001101111000
In base 3, what is -100 + 221112101112200?
221112101112100
In base 11, what is 1 - 1842028?
-1842027
In base 7, what is 1641035344 + 5?
1641035352
In base 9, what is -23781155 + 1?
-23781154
In base 6, what is -4402212152 + 1?
-4402212151
In base 8, what is -5 + 5731134?
5731127
In base 12, what is 11a - -38aba?
39018
In base 13, what is 79 - 30391?
-30315
In base 12, what is 17819 - -1636?
19253
In base 7, what is -2024632 + -211?
-2025143
In base 4, what is 10 - -2302023010?
2302023020
In base 5, what is 124 - -4444204?
4444333
In base 4, what is -3322121122320 + 0?
-3322121122320
In base 14, what is 1014 - -a966?
b97a
In base 16, what is 4b2394 - -3?
4b2397
In base 9, what is -3 + 3474578?
3474575
In base 7, what is -2124405 - 2324?
-2130032
In base 15, what is -3ac76 + -33?
-3aca9
In base 5, what is -4321 + -1011244?
-1021120
In base 13, what is -b75 - 689?
-1531
In base 5, what is 3 + 1312202204?
1312202212
In base 15, what is 272967 - -7?
27296e
In base 10, what is -5 - -1347454?
1347449
In base 16, what is -fc2ccc + 0?
-fc2ccc
In base 16, what is 1996f859 + 1?
1996f85a
In base 2, what is 101011111100110111000101 - 0?
101011111100110111000101
In base 4, what is 203222113 + -20132?
203201321
In base 5, what is -10 + -3042420411?
-3042420421
In base 3, what is -2122122100000202000 + 0?
-2122122100000202000
In base 15, what is 7b3 - 8d69b?
-8cdd8
In base 12, what is -4 - -33343a8?
33343a4
In base 12, what is 1b9615 + 204?
1b9819
In base 3, what is 22012201 - -212102020?
1011121221
In base 14, what is -7 - 16182a?
-161833
In base 10, what is -33922 + 6963?
-26959
In base 11, what is 330 - -1946?
2176
In base 15, what is -5 - 1c64c1?
-1c64c6
In base 14, what is -14aa36a + -3?
-14aa36d
In base 2, what is 1101000000 - 11110100001100011?
-11110010100100011
In base 11, what is -2274a3391 + 2?
-2274a338a
In base 3, what is -1102 + 21222100100001?
21222100021122
In base 10, what is 340094 - -2677?
342771
In base 12, what is -4 - 3a8470?
-3a8474
In base 8, what is -17334 - -12234?
-5100
In base 10, what is -631 + -7773?
-8404
In base 12, what is -20 + -47b3?
-4813
In base 5, what is 444133242 - -2414?
444141211
In base 9, what is -67162043 + 0?
-67162043
In base 5, what is -4301143132202 - 2?
-4301143132204
In base 7, what is 3311030510 + 2?
3311030512
In base 9, what is 217586681 + -3?
217586677
In base 16, what is -167cd44a - 0?
-167cd44a
In base 11, what is 22a322a - -23?
22a3252
In base 2, what is 11 - -11000101010111001011100?
11000101010111001011111
In base 8, what is 2210 + 1070134?
1072344
In base 3, what is -2201211102110 + -200012?
-2201212002122
In base 12, what is -470ba - -22b?
-46a8b
In base 3, what is -212000220220 - -22010?
-212000121210
In base 14, what is 4bcb5312 + -2?
4bcb5310
In base 4, what is 1 + -2200311232321?
-2200311232320
In base 13, what is -31 + -1371?
-13a2
In base 15, what is 1b + -3b00cc?
-3b00b1
In base 8, what is 10241740 - 26?
10241712
In base 3, what is 110111 + -110200112?
-110020001
In base 12, what is -18592 - 126?
-186b8
In base 14, what is 26980678 - -1?
26980679
In base 7, what is -34222 + 26?
-34163
In base 7, what is 1 + 460515626?
460515630
In base 7, what is -1333460235 - -5?
-1333460230
In base 6, what is 515 - 2245531?
-2245012
In base 15, what is -5 + 278ab97?
278ab92
In base 5, what is -2 + -204213212?
-204213214
In base 9, what is -2 + 36808783?
36808781
In base 15, what is b7 - 667d0?
-66718
In base 11, what is 542063 + -10?
542053
In base 12, what is 9413 - -421a?
11631
In base 15, what is 6c0 - 91db?
-8a1b
In base 4, what is 33031023023 + -1032?
33031021331
In base 6, what is 4 - -251500340?
251500344
In base 14, what is -5a2 - 15d?
-721
In base 4, what is 20123021133 + -11332?
20123003201
In base 5, what is -311202443 + 1231?
-311201212
In base 6, what is -42254 + -130241?
-212535
In base 12, what is 17b01202 + 5?
17b01207
In base 16, what is 53 + -1dfc?
-1da9
In base 2, what is 1011110000001001010 + 0?
1011110000001001010
In base 3, what is 101201201 - -12202020?
121110221
In base 3, what is -10 - -220201110100000?
220201110022220
In base 15, what is -69 + 1ea9b?
1ea32
In base 15, what is -5 + 8139ed?
8139e8
In base 6, what is -15 + 1510520513?
1510520454
In base 5, what is -31404404 - -43?
-31404311
In base 5, what is -2341131 + 30333?
-2310243
In base 4, what is 1033203102203 - 31?
1033203102112
In base 6, what is -4443025 + -3033?
-4450102
In base 7, what is -50462 + 30254?
-20205
In base 3, what is -22221 - 1022001020112?
-1022001120110
In base 12, what is -146ab0 - 24?
-146b14
In base 3, what is 0 + -11121112101002?
-11121112101002
In base 15, what is -d09632 - 0?
-d09632
In base 15, what is 17e672 - 8?
17e669
In base 5, what is -12 - -4320343212?
4320343200
In base 14, what is 230710 - 2?
23070c
In base 5, what is 1011220323011 + -4?
1011220323002
In base 16, what is 44 - -bfd76?
bfdba
In base 7, what is -3 - -205440032?
205440026
In base 11, what is -21206a + 85?
-211a95
In base 2, what is -100101110 + 11100010100011011?
11100001111101101
In base 6, what is 3141032 - 322?
3140310
In base 5, what is -1433433 + -10344?
-1444332
In base 3, what is -12220 - 210001220200?
-210002010120
In base 12, what is 117 + 13132?
13249
In base 3, what is 211121000120 + 1110001?
211122110121
In base 3, what is -110 - -11020211112200?
11020211112020
In base 7, what is -2252426 - 33?
-2252462
In base 16, what is 40314 + -49?
402cb
In base 9, what is 15160 - 6583?
7466
In base 3, what is 12 - -102210012112102002?
102210012112102021
In base 10, what is 1963 + -2453?
-490
In base 7, what is -164111 + -33?
-164144
In base 14, what is 3 + -9b43d6?
-9b43d3
In base 10, what is 86 - -210343?
210429
In base 16, what is 19be - -223f9?
23db7
In base 13, what is 16 - -15caa57?
15caa70
In base 8, what is 23 + 2377157?
2377202
In base 2, what is 110010100010111 - 101111001011?
101100101001100
In base 8, what is -52 + -5102711?
-5102763
In base 5, what is 13141303114 - 10?
13141303104
In base 12, what is 23 + -880666?
-880643
In base 8, what is -27225013 - 0?
-27225013
In base 2, what is -10101001111001110 + -10111?
-10101001111100101
In base 16, what is -234745 - 32?
-234777
In base 15, what is d045a76 + -5?
d045a71
In base 6, what is 453303335 - -125?
453303504
In base 2, what is 101110000 - -100101111000010?
100110100110010
In base 3, what is 21101 + -102022020202111?
-102022020111010
In base 11, what is 2 - -602aa69?
602aa70
In base 4, what is 2313020 - 2?
2313012
In base 5, what is -122 + 1122340230?
1122340103
In base 11, what is 18306329 - 2?
18306327
In base 13, what is 1 - 